-3 + (-85)/w). What is the highest common divisor of 1 and b?
1
Let k(p) = -p**3 - 12*p**2 + 15*p + 10. Let s be k(-13). Let o be (-70)/(1*s/8). What is the greatest common divisor of o and 315?
35
Let l(q) = 5*q**2 - 145*q + 24. Let o be l(29). Calculate the highest common divisor of 312 and o.
24
Suppose -5*s = -3*x + 1366, -4*s + 2 = -2. Let q = x - 135. What is the highest common factor of q and 14?
14
Let a be (-160)/(-16) + -10 - -1905. What is the highest common divisor of a and 15?
15
Let c = 773 - 539. Calculate the highest common factor of 663 and c.
39
Suppose -663*s + r = -665*s + 15011, -4*r + 30036 = 4*s. What is the highest common factor of s and 62?
62
Let b = 74 - -56. Suppose b*k - 129*k = 140. What is the highest common divisor of 35 and k?
35
Let b = -2 + 2. Suppose -3*j - 4*c + 2 = 0, b = -0*j - 4*j - c + 7. Suppose 11 + 16 = k + 3*v, -j*v - 84 = -5*k. What is the greatest common divisor of 6 and k?
6
Suppose 560*f + 688 = 565*f - 2*u, 3*u - 718 = -5*f. Calculate the highest common factor of 952 and f.
28
Let q(b) = -8*b**3 + 11*b**2 - 144*b - 1077. Let i be q(-6). What is the greatest common divisor of 936 and i?
39
Suppose 36*h + 81 = 225. Suppose 3*u - 132 = h*a, -6*u + u = -4*a - 212. Calculate the highest common divisor of u and 720.
40
Suppose 0 = -15313*h + 15325*h - 24. Calculate the highest common factor of h and 1186.
2
Suppose -3*p - 1 = -2*p. Let i(q) = -80*q - 6. Let u be i(p). Let g = u + -49. What is the greatest common factor of 200 and g?
25
Let i(z) = -10*z + 21. Let y(k) = k**2 + 13*k - 5. Let a be y(-14). Let v be i(a). Let x = -45 - v. Calculate the highest common factor of 16 and x.
8
Let k = -1664 - -1783. What is the greatest common factor of k and 56?
7
Let c(u) = -311*u - 1582. Let l be c(-7). Let p be 15/6*(14 + 0). What is the greatest common factor of l and p?
35
Let b be ((-13)/3)/(2/(-3))*(-4 + 170). What is the greatest common divisor of b and 415?
83
Let n = -45 - -33. Let u be (-4)/n + (-836)/(-12). Calculate the highest common divisor of 14 and u.
14
Suppose 16*n - 111741 + 5117 = 0. Calculate the highest common divisor of n and 8.
8
Suppose 4*r - 5*k - 78 = 0, r - 62 = -2*r + 2*k. Let d = -207830 + 207984. Calculate the greatest common divisor of r and d.
22
Let y = 0 - -4. Suppose -y*o = -606 - 38. Let p be (6 + 0)*((-123717)/198)/(-163). What is the highest common factor of o and p?
23
Let n = -574 + 587. Suppose -n*f + 644 = 176. Calculate the greatest common divisor of 36 and f.
36
Suppose -3*r + 543 - 2103 = 0. Let h = -511 - r. Calculate the highest common divisor of h and 99.
9
Let d(k) = -144*k**3 - 2*k**2 - 14*k - 13. Let c(n) = -n**2 - 2*n + 23. Let b be c(-6). Let x be d(b). What is the highest common divisor of 22 and x?
11
Let q(l) = 46*l**3 - 9*l + 8. Let s be q(1). Let b be (-105)/25 + 2/10. Let g = s - b. What is the highest common divisor of 7 and g?
7
Suppose -2*d - k = -1376, d - 5*k - 369 = 330. What is the highest common factor of d and 26?
13
Let x(l) = -7*l + 55. Let w be x(-5). Suppose 0 = -2*t - 3*q + w, -t - 10 + 73 = -3*q. Calculate the highest common factor of t and 119.
17
Let m be (-10 - (-13 + 3)) + 465. What is the greatest common divisor of 837 and m?
93
Suppose 1124*r - 590*r - 600*r = -1062864. Calculate the highest common factor of r and 88.
88
Suppose -12*v + 45 = -14 - 121. What is the highest common factor of v and 775?
5
Suppose 6*t - 5*t + 8 = 3*y, 0 = 4*y - 4*t - 8. Suppose 3*j - 15 = -2*j. Suppose j*d + 18 = 6*d. Calculate the greatest common divisor of y and d.
3
Let s = -3233 - -3485. Calculate the highest common divisor of s and 522.
18
Let g be (-537540)/(-248) - 18/4. What is the greatest common divisor of 168 and g?
21
Let d = -2797 - -2801. What is the highest common divisor of d and 452?
4
Let s be 50/2*(7 + -5 - (-168)/(-105)). What is the greatest common divisor of s and 1690?
10
Let z(t) = t**2 - 17*t - 34. Let d be z(19). Suppose m - 2 + d = 0, 4*m = -r + 154. Calculate the greatest common divisor of r and 6.
6
Let s be 8925/289 + 2/17. Suppose -33*i = -s*i - 48. Let o = -2 + 26. What is the highest common divisor of i and o?
24
Let r(k) be the first derivative of k**4/4 + 20*k**3/3 + 33*k**2/2 - 37*k - 278. Let i be r(-18). Calculate the greatest common factor of 629 and i.
17
Suppose -4*h = -1117*p + 1122*p - 239, p + 4*h - 51 = 0. What is the highest common factor of 5875 and p?
47
Let p = 7786 - 2805. What is the greatest common divisor of p and 68?
17
Let c be -2 - 2*(-7)/2. Let u be (160 + -155)*(((-9)/3 - -9) + -1). What is the highest common divisor of c and u?
5
Suppose -6*l + 84 = -13*l. Let f be (-18)/l*4 - -4. What is the greatest common factor of f and 290?
10
Suppose 3*f = 5*x - 21, -17 - 10 = -5*x + f. Let v = 69541 - 69271. Calculate the greatest common factor of v and x.
6
Suppose 2*g = -2*d - 114 + 348, -5*g + 585 = 4*d. What is the greatest common factor of 936 and g?
117
Let q = -3001 - -3625. Calculate the highest common factor of 168 and q.
24
Let t(d) be the second derivative of d**4/3 - 2*d**3/3 + 21*d**2 - 7*d. Let j be t(0). What is the greatest common factor of j and 294?
42
Suppose 2*i = 3*x - 1260, 0 = -2*x - 2*i + 559 + 281. What is the greatest common factor of 1785 and x?
105
Suppose 48*l + 22*l = 12390. What is the highest common divisor of 2183 and l?
59
Let k be 0/(-1) + 4 + 166. Suppose 44 = g - 12*g. Let p(d) = -d + 64. Let h be p(g). Calculate the highest common divisor of k and h.
34
Let d be 1196/4 + -12 - -13. Calculate the highest common divisor of d and 150.
150
Suppose 5*i = -30*i + 7175. Suppose -6*z = -4*b - 3*z + 164, -i = -5*b - 5*z. Calculate the highest common factor of 492 and b.
41
Suppose -24 = 5*g - 9*g. Suppose -5*z + 2*c - 11 = 1, 4*z = 2*c - 8. Let n be z/g + 314/3. What is the greatest common factor of 13 and n?
13
Let l = 531 - 526. Suppose 5*a - 16 = a, -l*v + 320 = 5*a. Calculate the greatest common factor of v and 50.
10
Let s be (-24)/((-24)/(-4)) + 6532. What is the highest common divisor of s and 32?
32
Suppose 0 = -v - 4*v + 1125. Let n be v/30*8/(-6). Let c be (66/(-55))/(3/n). What is the highest common factor of 16 and c?
4
Let c be 520557/1239 - ((-12)/14 - -1). Let g be 1*c*(-6)/(-15). Suppose 2*v = -3*v + 120. Calculate the greatest common factor of v and g.
24
Suppose 5*g - 49 = -4*v, -634*g - v = -631*g - 21. What is the highest common divisor of g and 7135?
5
Suppose -46 = -a + 2*k, 5*a + 2*k - 310 = 4. Calculate the greatest common factor of 16980 and a.
60
Let u(s) = 118*s - 92. Let p be u(11). Calculate the greatest common factor of p and 54.
18
Let a = -36 - -41. Suppose 0 = -j, 0*l - 4*j = a*l - 15. Suppose 4*r - 3*d - 35 = 0, -l*r - d + 26 = -3*d. Calculate the highest common divisor of 1 and r.
1
Let o = 3681 - 3631. What is the greatest common factor of 3050 and o?
50
Let d(b) = b**3 + 49*b**2 - 3*b - 27. Let a be d(-49). Suppose 3*j = 2*l - 0*l - a, -l + 2*j = -58. What is the highest common factor of l and 154?
22
Suppose -2*h = -3*c + 651, -25*h + 854 = 4*c - 23*h. Calculate the highest common divisor of c and 85.
5
Suppose 16*d - 19*d = -30. Let r = -9 + d. Let w = r - -2. What is the greatest common factor of 15 and w?
3
Suppose -2*s + 8 + 4 = 0. Suppose -z + 2 = 0, -20*c + 19*c - 5*z = -1. Let m be (208/(-24) - c)/((-2)/(-36)). What is the highest common divisor of s and m?
6
Let p = -26 + 64. Suppose p = 3*x - 22. Let d(t) = t**3 - 13*t**2 + 5*t + 34. Let n be d(14). What is the highest common divisor of x and n?
20
Let t(o) = 2*o**2 - 54*o - 714. Let n be t(-10). Suppose -4*z = -3*z - 45. Let b = z + -19. Calculate the greatest common factor of n and b.
26
Suppose 2*i + 3*z - 5481 - 3381 = 0, 5*z - 20 = 0. Calculate the greatest common divisor of i and 150.
75
Let q = -2493 + 2599. What is the highest common factor of 6 and q?
2
Let m be (-2 - (5 + -45))*(1 - -1). Let d = -42 + m. Calculate the greatest common factor of 238 and d.
34
Suppose 66*r - 880 = 61*r. Let o = -167 + r. Calculate the highest common divisor of 36 and o.
9
Let j(a) = -172*a + 1. Let c be j(-3). Let p = -326390 - -326412. What is the greatest common divisor of c and p?
11
Suppose 0 = 4*j + 33 - 165. Suppose -4*n + 7 = 2*z + 5, -3*z + 4*n = -j. What is the greatest com